x - 28. What is the hundreds digit of s(-8)?
1
Let m = -5 + 32. Suppose 0 = 4*u + 28 + 44. Let c = u + m. What is the units digit of c?
9
Let m be (-2)/(-3)*180/2. Let z be (m/(-9))/4*-21. Suppose -2*t + 7*t = z. What is the units digit of t?
7
Let n(d) = 15*d - 8. What is the units digit of n(4)?
2
Let c = 65 + -20. What is the units digit of c?
5
What is the units digit of (-1)/4 + 699/12?
8
Suppose -6*m = -m - 55. Let u = 35 + -19. Suppose -3*b - u = -3*j + m, 0 = -3*j - 5*b + 27. What is the units digit of j?
9
Suppose 111 = 5*u - 284. What is the tens digit of u?
7
Suppose 82 - 274 = -6*q. What is the units digit of q?
2
Let r(b) = b**3 + 6*b**2 - b - 8. Let a be r(-6). What is the units digit of 1/((-9)/5 - a)?
5
Suppose f + 3*h = -2, 2*f - 5*h = 7 + 11. Let j = -5 - -10. Suppose 2*p - f*p + q + 15 = 0, -p - j*q - 20 = 0. What is the units digit of p?
5
Suppose -5*t - 301 = -12*t. What is the units digit of t?
3
Suppose 6*d - 4*d - 56 = -4*n, -4*d + 103 = 5*n. What is the tens digit of d?
2
Suppose 3*c = 4*h - 6 - 3, 3*c - 15 = 0. Suppose 0 = 6*o - 4*o - 14. Let k = h + o. What is the units digit of k?
3
Let t = 4 - 4. Let p be 14 + (1 - -1) + t. Let v = 24 - p. What is the units digit of v?
8
Suppose -3*z + 4*w - 67 = -6*z, z - w - 20 = 0. Let i = 46 + -45. Suppose -2*r + i = -z. What is the units digit of r?
1
Suppose -2*f - 4*l + 72 = 0, -5*l - 64 = -4*f + 3*f. What is the tens digit of f?
4
Let r = 4 - 2. Suppose -2*g = r*a - 16, g - 11 = -3*a - 1. What is the units digit of g?
7
Let i be (0 + 2/(-1))*4. What is the units digit of -8*(12/i + 1)?
4
Let g(w) = -w**3 - 11*w**2 + w + 13. Let h be g(-11). What is the tens digit of h + -2 - (-18 - 1)?
1
What is the tens digit of (-6)/(-9) - 74/(-6)?
1
Let c be 0*(1 + (-6)/4). Let a(o) = -o**3 - 13*o**2 - o - 8. Let w be a(-13). Let q = c + w. What is the units digit of q?
5
Suppose -2*j = -18 - 50. What is the units digit of j?
4
Let q(k) = k**2 - 2*k + 6 - k - 2*k. Let w be q(4). Suppose 0 = o + n + w*n + 8, -4*n = o + 12. What is the units digit of o?
4
Let g(x) = x**2 + 3*x - 45. What is the units digit of g(-10)?
5
Let g be 124/(-6) + (-6)/(-9). Let n be 6/4*g/(-15). Suppose -b + n + 9 = 0. What is the units digit of b?
1
Suppose c - 1805 = -4*c + 5*f, -c + 345 = 3*f. What is the hundreds digit of c?
3
Suppose -2*x + 64 = h, 184 = -2*h + 5*h + 4*x. What is the units digit of h?
6
Let k(x) = x**3 - 19*x**2 + 27*x + 39. What is the tens digit of k(18)?
0
Let z = 2 - -11. Let k = 22 - z. What is the units digit of k?
9
Let u(k) = -k**2 + 7*k + 1. Let p = -20 + 28. Let j be u(p). What is the units digit of 1*(2 + -3) - j?
6
Let q be -4*(-13)/4*2. What is the units digit of q + 0 + (-6)/(-2)?
9
Let f(b) = -25*b**2 + 2*b. Let r be f(2). Let g = r + 152. What is the units digit of g?
6
Suppose -125 = -k - 28. What is the tens digit of k?
9
Suppose n + 4 = 136. Suppose 3*l = -l - n. Let v = l - -46. What is the tens digit of v?
1
Suppose -j - 2 = j + 4*a, 2*a = -3*j + 5. Suppose -j*b + y = 0, 8 = 5*b - 2*y + 3*y. What is the units digit of b?
1
Suppose -1 - 2 = 3*q. What is the units digit of 2/q*3/(-6)?
1
Suppose 0 = 3*i + 3 - 15. Let w = 9 - i. Suppose m + 52 = w*m. What is the tens digit of m?
1
Suppose -5*g - 141 = 24. Let v(f) = -3*f**3 + 2*f**2 + 3*f + 2. Let n be v(3). Let c = g - n. What is the units digit of c?
9
Let g(l) = 22*l - 14. What is the hundreds digit of g(8)?
1
Let d(i) be the third derivative of i**5/60 - i**4/4 - 11*i**3/6 - 5*i**2. What is the tens digit of d(9)?
1
Let q(t) be the first derivative of t**5/120 + t**4/4 - 2*t**3/3 - 3. Let z(r) be the third derivative of q(r). What is the units digit of z(-4)?
2
Suppose -3*k + p = -308, -k + 2*k = -2*p + 105. Suppose k = 4*u + 43. What is the units digit of u?
5
Suppose -j + 80 = -5*a, 8*a - 3*a + j + 70 = 0. Let h = -6 - a. What is the units digit of h?
9
What is the units digit of (-10)/(-60) - (-2698)/12?
5
What is the units digit of (-3)/6*-2 + 2?
3
Suppose 4*w - 10 = -3*u + 5, -u = -w + 2. What is the units digit of w?
3
Let m(w) = 3*w - 3. Let z be m(6). Suppose 45 = -5*s + z. What is the units digit of (-3)/((-9)/s) - -7?
5
Suppose 7*z = 6*z + 14. What is the units digit of z?
4
Suppose 4*h - 28 = -4*y, -5*h + 4*y = -20 + 3. What is the units digit of h?
5
Let t(m) = 3*m**3 - m**2 - m + 1. Let a be t(1). Let j(o) = 4 + 7*o**2 - o**3 - 7*o - a*o + 3*o. What is the units digit of j(6)?
4
Let g(d) = d**3 + 10*d**2 + 10*d + 12. Let t be g(-9). What is the tens digit of (-58)/t*(-9)/6?
2
Let j(z) = -3*z - 6. What is the units digit of j(-9)?
1
Let i(s) = -3*s - 5. Let a be i(-4). Let l(o) = 6*o**2 - o**3 + 2 - 12*o**2 - 9 - a*o. What is the units digit of l(-5)?
3
Let b(z) = z - 2. Let r be b(0). Let x = r + 8. What is the units digit of (x/4)/((-6)/(-16))?
4
Suppose 6*f = 60 + 582. What is the tens digit of f?
0
Suppose -124 = 12*c - 16*c. What is the units digit of c?
1
Let d(h) = 1. Let v(l) = -7*l - 10. Let p(o) = -2*d(o) + v(o). What is the tens digit of p(-5)?
2
Let h(a) = a**2 - 8*a + 9. What is the units digit of h(8)?
9
Suppose 5*c = 4*n - 2*n - 384, -192 = -n - 5*c. What is the units digit of n?
2
Let v be (-1)/(4/(-8)) - -1. Suppose -v*u = -u - 40. What is the units digit of u?
0
Suppose -4*h = -5*o + 28, -o - 3*h = -h. Suppose -o*p - p = -4*i + 105, i + 2*p = 23. What is the tens digit of i?
2
Let u be (-1)/(8/(-3) - -3). What is the units digit of u/((-4)/(88/3))?
2
Suppose -2*g - g = -18. Suppose f + f - g = -3*w, 3*w - 3*f = 6. Suppose l = -4*n - 0*l + 67, -w*n + 41 = 3*l. What is the tens digit of n?
1
Let r(n) be the second derivative of n**3/6 - 2*n**2 + n. Let x be r(6). What is the units digit of (0/x - -4)*2?
8
Let q(m) = -m**3 - 23*m**2 - 30*m - 35. What is the units digit of q(-22)?
1
Let l = 1151 + -806. What is the units digit of l?
5
Let r = -33 - -56. Let k = r + -16. Let q = k - 4. What is the units digit of q?
3
Let q(s) be the first derivative of s**2 - s + 2. What is the units digit of q(5)?
9
Suppose 4*m - 25 = 3*b + 2, -4*m + 32 = -4*b. Suppose -3*a - 4*d - 2 = -2*a, 0 = -4*a - 5*d + m. What is the tens digit of (-2 + 3)*a - -8?
1
Let k = 10 + -7. Suppose 0 = -k*z + 4 + 2. What is the units digit of (4 - z)*(3 - 2)?
2
Suppose 3*s + 28 = 7*s. Suppose o - 2*o + s = q, 3*o - 1 = 2*q. What is the units digit of (-1)/(-1)*(o - 0)?
3
Suppose 5*l - 3*s = 4, 3 + 13 = -4*l - 4*s. Let p = 1 + l. Suppose p = -r - 0 + 2. What is the units digit of r?
2
Let o(u) = u**3 - u - 1. Suppose -4*r + 5 = 3*v, -r - v + 0*v = -1. Let a be o(r). Suppose -a*x = -4*x - 2. What is the units digit of x?
2
What is the units digit of 3/(3/4) - -89?
3
Let r be (-1)/((-3)/(6 + 0)). Let u(z) = 7*z - 1. What is the units digit of u(r)?
3
Let h = -19 + 72. What is the tens digit of h?
5
Suppose 4*v - 21 = 3*v. What is the tens digit of v?
2
Let o(i) = i**2 - 6*i - 26. What is the tens digit of o(12)?
4
Suppose 3 - 1 = 2*k + 5*d, 3*d - 1 = -k. Suppose -4*t - 15 = -7*t. Suppose 0 = -h - k + t. What is the units digit of h?
4
Let o be 3 - 0 - (1 + 5). Let t(m) = m**3 + 6*m**2 + 2*m + 2. What is the units digit of t(o)?
3
Let t = 19 - 13. Let d = -2 + 6. Suppose -d*z = -t*z + 10. What is the units digit of z?
5
Let t(z) = -7*z. Let s be t(1). Let f be 324/42*s/(-1). Suppose 5*v + w = 3*w + f, -4*w = 2*v - 36. What is the units digit of v?
2
Suppose -454 + 70 = -3*u. What is the tens digit of u?
2
Suppose 2 = -4*m + 10. What is the units digit of m/(-9) - 308/(-9)?
4
Let y(a) = 14*a**2 + 2. What is the units digit of y(-2)?
8
Suppose -4*r - 1 = -5*y, -2*r + 2 = 4*y - 4. What is the units digit of (-12 - -4)*(0 - r)?
8
Let y = -59 - -104. What is the tens digit of y?
4
Suppose 0*j - 6 = -2*j. Suppose -c = -0*d - j*d - 9, d + 17 = 5*c. What is the units digit of c?
3
Suppose -5*m - 48 + 188 = 0. What is the tens digit of m?
2
Let n = 1 - -1. Suppose -6*s + 33 = -3*s - 3*m, -n*s + 7 = 3*m. Suppose s + 4 = 3*q. What is the units digit of q?
4
Suppose 2*f = -20 + 92. Let s = -18 + f. Suppose -z - 26 = -5*j, j - s = -2*j + 3*z. What is the units digit of j?
5
Let l(o) = 10*o**2 - 10*o + 41. What is the tens digit of l(6)?
4
Suppose c = 123 + 36. What is the hundreds digit of c?
1
Suppose 2*w + 2 = 4. Let m be (0 + -2 + w)*-55. S